 4*q(b). Suppose -d - 102 = -103. Calculate m(d).
-22
Suppose y + 3*h = 29, -2*h = 5*y - 74 - 19. Suppose 5*j = -4*n + y, 0 = 3*n - j - j + 16. Let d(z) = -2*z**3 - 4*z**2 + z + 1. Give d(n).
-1
Let l(p) = -p**3 - 5*p**2 + p + 1. Suppose 103*a + 661 = 43. Give l(a).
31
Let a = -7245 - -43471/6. Let v(u) be the second derivative of -a*u**3 + 0 - u**2 - 13*u. Determine v(-5).
3
Let y = 3 + -1. Let l(o) be the second derivative of 2*o**3/3 - o**2 - 33*o - 6. What is l(y)?
6
Let v(s) = 7*s - 4. Let d(a) = 4*a + 4 - 3 - 3 + 0*a. Let c(m) = 5*d(m) - 3*v(m). Let u(i) = -4*i**2 - 31*i - 18. Let g be u(-7). Give c(g).
-1
Suppose 0 = 37*g + 959 - 1181. Let b(i) = 1 - 3*i + 3*i + 2*i - i**2 + 4*i. What is b(g)?
1
Let n(f) = 3*f**2 + 61*f - 184. Let w be n(-23). Let z(j) = -j**2 + j - 79. Calculate z(w).
-79
Suppose -186 + 196 = 5*b. Let s(r) = -2*r**b - 6 + r + 7*r**2 + 7 - r**2 - r**2. Determine s(-1).
3
Let x(p) = p - 11. Let z = 141 + -137. Suppose 2*u + 1 = -1, -19 = -z*b - 5*u. Give x(b).
-5
Let y = 67 + -47. Suppose 4*h = h + 15, 5*h - 95 = -2*z. Suppose z*r = 31*r - y. Let q(w) = w**3 + 5*w**2 - w + 5. Determine q(r).
10
Suppose 6 = -w - x + 2, 3*x = -5*w - 16. Let p be (-4)/(-22) + 768/132. Let m(d) = -d - p + 3 + 7*d + 1. Give m(w).
-14
Let n(z) = z + 33. Let s(l) = -l - 32. Let u(h) = 4*n(h) + 5*s(h). Let q = 16022 - 16022. What is u(q)?
-28
Let l be -5 + -1*(7 - (3 - 3)). Let h(g) = -g**2 - 11*g + 13. Calculate h(l).
1
Let m(w) = -w**2 + w + 19. Let p = 290 + -119. Let b = 171 - p. Determine m(b).
19
Let u(i) = 455*i**2 - 880*i**2 + 424*i**2 - 80 + 27*i. Calculate u(24).
-8
Let s = -349 + 491. Let t(c) = -4*c**2 + s*c**3 - 143*c**3 + 0*c**2 - 3*c + 7*c + c**2. What is t(-4)?
0
Let w(s) = -s**3 + 4*s**2 + s + 1. Let x be w(0). Let z(u) = -x - u - 70*u**2 + 61*u**2 + 0 - u. What is z(-1)?
-8
Let x(u) = -6*u**2 + 14*u - 5. Let a(h) = 6 + 6*h**2 + 11*h**2 - h**2 - 11*h**2 - 17*h. Let q(j) = -5*a(j) - 6*x(j). Give q(-1).
10
Let y be 0 + (-30)/25*15/(-6). Let g(x) = 196*x**3 - x + 7*x**2 + 0 - 195*x**y - 10. Give g(-7).
-3
Suppose -2*o - 3*n = 6, 0*n - 14 = -2*o + 2*n. Let k(t) = -t**o - t - 2 + 1 + 2*t - 6*t**2. Let p = -271 + 265. Calculate k(p).
-7
Suppose 0 = -2*l - 3*o - 26, 4*o = -3*l + 26 - 67. Let r(d) = -21*d - 404. Calculate r(l).
-5
Let o(h) = -h + 2. Let u(y) = 19*y + 146. Let j be u(-7). Suppose 2*g - 7 = 5*s, 8*g + s = j*g - 6. Give o(g).
1
Let c be (-1)/(-1)*(23 + 99). Let r(u) = -c + 3*u - 4*u + 129. Determine r(5).
2
Let g(r) = r**2 + 21*r + 2. Suppose 428*f - 24 = 3*y + 423*f, 0 = 4*y + 3*f + 90. Give g(y).
-52
Let l be 1/2 + (-115)/(-92)*-2. Let j = 7 - 5. Let w(p) = -2 - j*p + 0*p**2 + 5*p**2 - 6*p**2. What is w(l)?
-2
Let m(j) = -j**2 + 16*j - 5. Let l = 7405 - 7389. Determine m(l).
-5
Let m be ((-1)/(14/21))/(6/(-12)). Let f(g) = -3*g**3 + 4*g**2 + 2*g - 8. Calculate f(m).
-47
Let w(z) = z**2 + 93*z - 7. Let t(g) = g**2 + 76*g - 10. Let u(l) = 4*t(l) - 3*w(l). Determine u(-26).
7
Let r(d) = 3*d. Let w be ((-3)/2 - (-2)/4)*-3. Suppose 4*j - 2*s - 2 - 24 = 0, -3*s = w*j - 24. Suppose -16 = -4*z + 4*y, j = -4*z - y - 2. What is r(z)?
-3
Suppose -5*h = 10, 346*h = -4*w + 341*h - 22. Let y(q) = -q**3 - 6*q**2 - 4*q + 2. What is y(w)?
-13
Suppose -2*d = 3*f - 14 - 9, 20 = -4*d. Let l(s) = -226*s**3 - 256*s**3 - 10 + 483*s**3 - 11*s - 10*s**2. What is l(f)?
-10
Suppose 2*r - 5*b = -0*r - 54, -5*b = -r - 32. Let j be 4/(-8)*1 + r/4. Let s(l) be the first derivative of -2*l**3/3 - 9*l**2/2 - 4*l - 1. Calculate s(j).
-22
Let g = 201 + -199. Let q(y) = g*y + 6*y + 4*y**3 - 3*y**2 + 1 - 10*y - 5*y**3. Give q(-3).
7
Let j(q) = q**2 + 48*q - 47. Let g be j(-49). Let l(p) = p + 4*p - 48 - 47 + 88 + g*p + p**2. Suppose 2*d - w = 6*d + 31, -2*w + 18 = -2*d. Calculate l(d).
1
Let i = 0 + -5. Let x(f) be the first derivative of -f**3/3 - 3*f**2 - 4*f - 651. Give x(i).
1
Let l(x) be the second derivative of 2*x**3/3 + x**2 - 2*x. Let j(o) = 33*o - 135. Let y be j(4). Let u be (-56)/(-84) - (-8)/y - 1. Calculate l(u).
-10
Let q(d) = -7*d + 3. Suppose -39 + 39 = -c. Suppose -4*z - 3*l + 26 = c, -4*l = 4*z - 0*l - 28. Suppose -4*n = -p - 3*n, -z*n = -15. Determine q(p).
-18
Let j(y) be the second derivative of -y**5/20 + 2*y**4/3 - 7*y**3/3 + 2*y**2 + 30*y + 57. Determine j(6).
-8
Let o(x) = -x**2 + 4*x + 2. Let f = 92 - 84. Let d(h) = h**2 - 4*h - 33. Let k be d(f). Let r be (k + 0/(-3))*-5. Determine o(r).
-3
Let w(y) = 21*y - 30*y + 50*y**3 - 102*y**3 - 13*y**2 + 7 + 51*y**3. Determine w(-12).
-29
Suppose 575 - 3495 = -10*n. Let a = -289 + n. Let u(p) = p**2 - 5*p + 6. What is u(a)?
0
Suppose -5*a - 2*g + 5 = 0, -3*a + 4*g - 14 = -43. Suppose a*i = 4*i. Let l(r) = 35 - 439*r**2 + 27 - 74 + 2*r + 440*r**2 - 3*r. What is l(i)?
-12
Let f be (-8)/(-20) - (2 + 2 + 99/(-15)). Let i(o) be the third derivative of 1/24*o**4 + 0 - 2/3*o**f - 18*o**2 + 0*o. What is i(5)?
1
Let s = -1853 - -1855. Let g(z) be the first derivative of -z**4/8 - 5*z**2 + 7. Let y(l) be the second derivative of g(l). What is y(s)?
-6
Let s(d) = -133*d**3 + 7*d**2 + 7*d - 13. Let f(x) = 1219*x**3 - 63*x**2 - 65*x + 118. Let k(h) = -6*f(h) - 55*s(h). Let b = -4 - -9. Calculate k(b).
-18
Let m(q) be the second derivative of -q**5/20 - q**4/12 + 7*q**3/6 + 5*q**2/2 + 564*q. What is m(-3)?
2
Let j be 1/(2*(-1)/(-14)). Let v(c) = 5*c + 2. Let f be v(3). Let a(k) = k + 11 - f + 5. Calculate a(j).
6
Let u(y) = y**2 - 31*y + 19. Suppose 17*a - 870 = -7*a - 5*a. Calculate u(a).
-11
Let t = -19346 + 19342. Let m(n) = -n**3 - 5*n**2 - 7*n - 5. What is m(t)?
7
Let z = 3994 + -4003. Let d(c) = -19*c - 162. Give d(z).
9
Suppose 3*i + 5 - 17 = 0, -i = -2*g + 98. Let h = -45 + g. Let w(y) = y**2 + 1. Let n(a) = -6*a**2 + 5*a - 7. Let x(f) = -n(f) - 5*w(f). Give x(h).
8
Let v(j) = -j. Let g(n) = -n - 1. Let t(f) = 2*g(f) - 3*v(f). Let k(d) = -2*d**2 + 33*d + 27. Let p be k(17). Suppose -17*o = -19*o - p. What is t(o)?
-7
Suppose -c + 4 = -3*c, 4*d = 2*c + 12. Let u(p) = 2 - p + 9*p - 5*p + p**3 - 4*p**d + p. Suppose 3*n - 4*f - 28 = 0, n + 3*f + 8 = -0. What is u(n)?
18
Let d = -9 - -17. Suppose 0 = d*g - 6 - 10. Let k(t) = 7 + g + 2*t + 0*t + 0*t. Give k(-6).
-3
Let f(t) = -t**2 - 15*t + t - 4718107 + 4718098. Determine f(-10).
31
Let i(n) = -34*n + 32. Suppose -8*r = -29*r + 88 - 46. Give i(r).
-36
Let d = 16 - 23. Let r(y) = -9*y - 74150*y**2 - 6 - 74146*y**2 - 3 - 6*y + 148295*y**2 + 6*y. Determine r(d).
5
Let u(p) = p**3 - 54*p - 130. Let g be u(8). Let w(l) = 3*l + 145. What is w(g)?
-5
Let v(l) = -8*l - 6*l**2 - l**3 + 11*l - 145 - 142 + 293 - 4*l**2. What is v(-10)?
-24
Let f(a) = 32*a**2 - 10 - 100*a**2 + 37*a**2 - 6 + 30*a**2. Calculate f(0).
-16
Let p(t) be the third derivative of 0 + 1/2*t**3 + 0*t - 1/60*t**5 - 1/3*t**4 + 3*t**2. Let f be (-175)/45 + (56/36)/(-14). What is p(f)?
19
Let p be (-12)/(-4) - 2 - (-6 + 7). Let g(n) = -n + 4. Determine g(p).
4
Let m(t) = -2*t**2 + 19*t**2 - 21 - t**3 - 3 + 3 - 20*t**2 + 14*t. Calculate m(-6).
3
Let x(a) = -9*a - 63. Let g(m) = -166*m + 996. Let t be g(6). Calculate x(t).
-63
Let s(y) = 3*y**3 - 6*y**2 + 6*y + 9. Let d(j) = -13*j**3 + 23*j**2 - 24*j - 37. Let k(p) = 2*d(p) + 9*s(p). Let a be 215/31 + (-624)/(-9672). Give k(a).
0
Let t be 1192/5 + 26/(-65). Let a(s) = 243 + 8*s + s**2 - t - 2*s + 5*s. Let z = -209 + 199. Give a(z).
-5
Suppose -41*b + 2 = -244. Suppose b*w + 51 = 21. Let p(j) = -j**2 - 2*j + 1. Give p(w).
-14
Let a be 534/(-979)*(-22)/3. Let b(f) = f**2 + 4*f - 4. Calculate b(a).
28
Let y(l) = l - 108. Let u(z) = 8*z + 65. Let g(n) = u(n) + 2*y(n). Give g(16).
9
Let h(k) = -12*k - 9 - 23*k - 13*k - k**2 + 62*k. What is h(13)?
4
Let d = -48 - -51. Suppose l + 16 = -d*l. Let h be (16 + l)/4 + 0. Let k(s) = -s**3 + 4*s**2 - 2*s - 3. Give k(h).
0
Let j(o) = 6*o**3 - o**2 - 8*o. Let n(v) = v - 13*v**3 + 6*v**3 + 6*v**3 + v**2. Let u(z) = j(z) + 5*n(z). What is u(-5)?
-10
Let p = 775 + -768. Let q(v) = -v**3 + 7*v**2 + 6*v + 5. What is q(p)?
47
Let m = -169 - -172. Suppose -2*c - 20 = -5*k, 0*k - m*k + 12 = c. Let l(q) = -q**3 - q + 3. What is l(c)?
3
Let m(f) = 2*f + 8. Let u = -420 - -420. Suppose -5*h - v - 15 = -5*v, u = -h - 4*v - 27. Determine m(h).
-6
Let t(p) = -73*p**3 - 14*p**2 + 5*p - 21. Let z(f) = 201*f**3 + 42*f**2 